 divided by 19?
17
Suppose 0 = 18*m - 8*m - 70. What is the remainder when 48 is divided by m?
6
Calculate the remainder when ((-1)/(-3))/((-13)/(-1053)) is divided by 12.
3
Suppose -13*s = -5*s - 24. Calculate the remainder when 8 is divided by s.
2
Let m = -4 + 24. Calculate the remainder when 37 is divided by m.
17
Let w be 4/(-1) - 22/(-2). Let h be (-13)/5 + (-2)/5. What is the remainder when w + h*2/3 is divided by 3?
2
Let h(c) = -c**2 + 6*c + 14. Calculate the remainder when h(7) is divided by 7.
0
Suppose -4*z = -3*z - k - 69, -159 = -2*z - 5*k. Calculate the remainder when z is divided by 25.
22
Let y = -82 + 140. What is the remainder when y is divided by 30?
28
What is the remainder when 40 is divided by (-2)/(-6)*-14*-3?
12
Suppose m = 4*t + 11 - 39, 16 = 2*t - m. Suppose 0 = 5*f - 4*f - 16. What is the remainder when f is divided by t?
4
Suppose 5*k + 4*x - 30 - 38 = 0, k - 14 = -x. Suppose 2*f = 3*v + 56, 4*v = f - 4 - 14. What is the remainder when f is divided by k?
10
Suppose 84 = 2*i + i. What is the remainder when 139 is divided by i?
27
Suppose 2*v = 1 + 1. What is the remainder when v is divided by 1?
0
Calculate the remainder when (-4 + -8)/((-2)/3) is divided by 10.
8
Calculate the remainder when 37 is divided by 2/4 - (-135)/10.
9
Suppose 12 = u + 2. Suppose k = 1 + 2. Calculate the remainder when u is divided by k.
1
Suppose -25 = 5*f - 330. What is the remainder when f is divided by 21?
19
Let h(s) = s**2 + 11*s + 9. Let b be h(-10). Let a = b + 3. Suppose -4*l - 2 = -m + 1, -30 = -4*m - a*l. What is the remainder when 25 is divided by m?
4
Let c = 9 - -6. Let m(r) = 28*r**3 + 1. What is the remainder when m(1) is divided by c?
14
Suppose 0*f + 187 = 5*f + 3*m, 3*f + 4*m = 110. Calculate the remainder when 149 is divided by f.
35
Let i be -2 + (-2)/(6/(-3)). What is the remainder when 4/(i*(-4)/38) is divided by 10?
8
Suppose 0*v - 43 = -v. Suppose -m + 4*m + 2*k = 2, 3*k = m - 8. Suppose m*p - 33 = -p. Calculate the remainder when v is divided by p.
10
Let j(b) = -3*b - 2. Let w be j(-2). Suppose -2*h = -w*h + 32. Let x = -6 + h. Calculate the remainder when 39 is divided by x.
9
Suppose 2*l - 6*l + 376 = 0. Suppose 204 = -5*f - 4*i - 76, -5*i + 56 = -f. Let c = l + f. Calculate the remainder when c is divided by 13.
12
Suppose q + 0*l + 17 = 4*l, 0 = 5*l - 25. What is the remainder when 3 is divided by q?
0
Let y = -43 - -56. Calculate the remainder when y is divided by 5.
3
Suppose -4*y + 234 - 54 = 0. Suppose 0 = -5*h + 2*i + 35 + 40, y = 3*h + 5*i. What is the remainder when 28 is divided by h?
13
Let x(j) = j**3 - j**2 + 3*j - 1. Let l(f) = f**3 - 6*f**2 + 4*f + 7. Let p be l(5). Suppose p = -g + 2*g. Calculate the remainder when 15 is divided by x(g).
6
Let c(w) = 29*w**3 - w**2 + 2*w - 2. Calculate the remainder when c(1) is divided by 10.
8
Let v = 178 + -37. What is the remainder when v is divided by 18?
15
What is the remainder when 25 is divided by (6/9)/((-14)/(-147))?
4
Suppose -4*t = -x - 106, 2*x - 2 = x. What is the remainder when 80 is divided by t?
26
Suppose 4*h - 1 = -c, 0 = -0*c - c + 3*h + 22. Let y = 12 + -7. Calculate the remainder when c is divided by y.
3
Suppose 5*n = 4*i + 43, -9*i + 30 = 4*n - 10*i. Calculate the remainder when 18 is divided by n.
4
Let p(j) = -3*j - 7. Suppose 0 = 4*v - 23 + 7. Suppose 8 = -2*n, -4*x + v*n + 63 = -33. Calculate the remainder when x is divided by p(-6).
9
Suppose -4*g + 6 - 2 = 0. Suppose b - 38 = -g. What is the remainder when b is divided by 20?
17
Let f = -5 + 4. Let p = f + 26. Calculate the remainder when p is divided by 9.
7
Suppose 3*k + 7 - 83 = -5*d, 2*d + 58 = 4*k. What is the remainder when 45 is divided by k?
11
Let q be (-12)/18 + (-58)/(-6). Let i = q - 8. What is the remainder when 4 is divided by i?
0
Let t be 3 - 2/(1/1). Calculate the remainder when 30 is divided by 13 + (-2)/t + 0.
8
Let y be -1 + -2 - 8/(-1). Suppose -6*z = -3*z - 4*t - 155, -4*z + y*t + 206 = 0. Calculate the remainder when z is divided by 17.
15
Suppose 0 = 2*q - 16 + 4. Let u = 2 + q. What is the remainder when 29 is divided by u?
5
Suppose 3*w - 4*h = 28, 3*h - 74 = -4*w + h. Calculate the remainder when 63 is divided by w.
15
Suppose -4*t = -10 - 86. Suppose 2*g = -2*g + 376. What is the remainder when g is divided by t?
22
Suppose -3*b = -4*b + 8. Calculate the remainder when 29 is divided by b.
5
Suppose 3*i - 23 = -3*b - 2*b, -i = 4*b - 10. What is the remainder when 21 is divided by i?
3
Suppose 2*m + 4 = 36. Let w = 41 - m. Suppose 0 = -5*b + 130 - w. What is the remainder when b is divided by 11?
10
Suppose -21 - 6 = 3*d. Let k = 5 - d. Calculate the remainder when k is divided by (-1 - (0 + -3))*4.
6
Suppose 4*i - 5*r - 77 = 0, 2*r = i + 2*i - 56. Calculate the remainder when i is divided by 12.
6
Let g = -27 - -60. What is the remainder when 98 is divided by g?
32
Let r = 8 - -7. Suppose 8*q = 5*q + 69. Let w = q - r. Calculate the remainder when 14 is divided by w.
6
Suppose -3*f + b = -22, -3*b = -f - 0*f + 10. Calculate the remainder when 16 is divided by f.
2
Suppose -12*j + 16*j = 136. Calculate the remainder when j is divided by 13.
8
Suppose u - 5*h + 20 = 0, 0*u - h - 15 = -4*u. Suppose -5*p + 45 = -5*n, 2*p - 3*n - 18 = -0*p. What is the remainder when p is divided by u?
4
Suppose 3*a = -o + 31, 4*o - 127 - 12 = 3*a. What is the remainder when 134 is divided by o?
32
Let s = 12 - 10. Calculate the remainder when 4 is divided by s.
0
Let u = 7 + -5. Suppose 0 = u*b - 4*t - 58, 2*b - 3*t = -b + 99. Calculate the remainder when b is divided by 20.
17
Suppose 5*n = 2 + 13. Suppose n*i - 2*i = 48. Calculate the remainder when 22 is divided by (i/28)/(2/7).
4
Suppose k = -k. Suppose k*x + 2*u = -4*x + 44, 34 = 2*x - 2*u. Calculate the remainder when x is divided by 4.
1
Let w(i) = -i**2 - 7*i + 4. Let t be w(-7). Suppose c - 5 = -t*c. Calculate the remainder when c is divided by 1.
0
Suppose c = -c - 3*a + 18, 0 = -c - a + 11. Calculate the remainder when c is divided by 9.
6
Let h(n) = -n + 16. Calculate the remainder when 98 is divided by h(-9).
23
Let o(v) be the third derivative of -1/120*v**6 + 2/3*v**3 - 3*v**2 + 0 + 0*v - 1/24*v**4 - 1/10*v**5. What is the remainder when o(-6) is divided by 6?
4
Let w = 135 - 46. Calculate the remainder when w is divided by 46.
43
What is the remainder when 81 is divided by 6*(-2)/(-8)*14?
18
Suppose 11*t = 5*t + 342. Calculate the remainder when t is divided by 15.
12
Let u(z) = 7*z + 75. What is the remainder when 92 is divided by u(-9)?
8
Suppose -5*g + 66 = j, 0 = 5*g - 2 - 3. Calculate the remainder when j is divided by 31.
30
Suppose j = -2*x + 2*j + 22, -40 = -4*x + 3*j. Suppose -f + 0 + 5 = 0. What is the remainder when x is divided by f?
3
What is the remainder when 4 + (3 - -12) + -3 is divided by 4?
0
Let y(p) be the third derivative of 3*p**4/4 - p**3/6 - p**2. Let k be (3/6)/((-2)/(-8)). Calculate the remainder when y(k) is divided by 12.
11
Let m = 56 + -50. What is the remainder when 14*1 + 3 + -1 is divided by m?
4
Let k = -7 + 23. Let b = k - 8. Calculate the remainder when 22 is divided by b.
6
Suppose 46 = 4*h - 2. What is the remainder when h is divided by 3?
0
Let d = -21 + 35. Let q(j) = -j**2 - 14*j + 2. Suppose -3*v + 0*v = -4*z + 48, -z = 2*v + 21. What is the remainder when q(v) is divided by d?
12
Let d be (22/2 - 2) + -2. Let v = -21 - -51. Calculate the remainder when v is divided by d + -5 - -9*1.
8
Suppose 0 = -2*l - 5 - 7. What is the remainder when 28 is divided by (-15)/2*8/l?
8
Let k = 43 - 14. What is the remainder when 556/10 - (40/25 - 2) is divided by k?
27
Let z(r) = r**2 + 9*r - 8. Calculate the remainder when z(-12) is divided by 15.
13
Let l(j) = -2*j**2 + 23*j. What is the remainder when l(3) is divided by 11 + (-4)/6*-3?
12
Let p(z) = -z**2 - 7*z + 11. Let h be p(-8). Let m be h - (-4 - -2 - -4). Suppose -2*s = m - 11. Calculate the remainder when 8 is divided by s.
3
Calculate the remainder when 87 is divided by 22*16/4*(-3)/(-12).
21
Suppose 2*b + 3*b + x = -60, 0 = 3*x + 15. Let r(u) = -u**2 - 12*u - 6. Calculate the remainder when 13 is divided by r(b).
3
Let m be 0*2/4 - -2. Suppose 4*c = 2*b + 28, m*c - b = -c + 19. Suppose 2*k - 18 - 71 = -c*h, -59 = -3*h 